ded by y.
62
Let b(v) = -v - 29. Let w be b(-4). What is the remainder when 457 is divided by w*(12/(-30) + 0)?
7
Suppose 3*z - 6*m + m = 28, -4*z + 5*m + 29 = 0. Suppose 197*d = 70*d + 889. Calculate the remainder when z/(-2) - (-70)/4 is divided by d.
3
Let m = -124 + 176. Suppose 4*y = 3*y - 5*h + m, 2*y - h - 60 = 0. Calculate the remainder when y is divided by 9.
5
Let o(r) = -r**3 + 18*r**2 + 75*r - 38. Suppose 14*s = -232 + 736. What is the remainder when o(21) is divided by s?
34
Let a(h) = -h**3 + h + 3. Let d be a(0). Suppose 0 = -2*x - 5*o + 104, -d*x - o + 96 = -x. Calculate the remainder when x is divided by 8.
7
Let g(i) = i**3 - 2*i**2 - 1. Suppose -2*j = -0*j + 2*m - 16, 0 = 2*j + 5*m - 28. Let z = 1224 + -1163. Calculate the remainder when z is divided by g(j).
30
Suppose -5*d - 5*o = -1960, 0*d - 3*o - 2370 = -6*d. Calculate the remainder when d is divided by 72.
34
Let a = -30 - -71. Suppose -2*t - 7 = -a. Let k = -45 - -95. Calculate the remainder when k is divided by t.
16
Let t = -2206 - -3254. Calculate the remainder when t is divided by 50.
48
Suppose 0 = 4*w + i + 1262, -w - 2*i = 270 + 49. Let l = 451 + w. Let q = l + -76. Calculate the remainder when q is divided by 9.
6
Suppose 3*u + 4*b - 2276 = 0, -1514 = -2*u - 200*b + 198*b. What is the remainder when u is divided by 108?
104
Suppose 834 = 4*b + 2*b. Let f = -1109 + 1139. Calculate the remainder when b is divided by f.
19
Let h = 7796 - 5453. What is the remainder when h is divided by 1164?
15
Let l(q) = -q**2 - 5*q + 18. Suppose 10*x - 45 = 7*x. Let i = x + -21. Calculate the remainder when 20 is divided by l(i).
8
Let s(c) = 2*c**3 + 53*c + 23. What is the remainder when s(8) is divided by 730?
11
Let c(a) = -18*a + 24. Let w be c(6). What is the remainder when 83 is divided by w*(2 + (-7)/3)?
27
Let p(y) = -4*y + 3. Let w be (50/20)/((-1)/(-38)). Suppose 6*j - 169 - w = 0. What is the remainder when j is divided by p(-5)?
21
Let b = -238 - -257. Suppose 0 = -5*p + 3*i + 213 - 8, 5*i + b = p. Calculate the remainder when 87 is divided by p.
43
Let i(n) = 12*n**2 - 14*n - 27. What is the remainder when i(-3) is divided by 53?
17
Let u = 184 + -199. Let i(h) be the third derivative of -h**4/8 - 25*h**3/6 - h**2. What is the remainder when 58 is divided by i(u)?
18
Let b = -13 + 56. What is the remainder when -22 - -16 - (-1 + -131) is divided by b?
40
Suppose -5*y + 5*a + 190 = -0*a, -5*y + 4*a = -197. What is the remainder when 494 is divided by y?
44
Suppose 0 = 4*j - 5*f + 12 + 20, -2*j = -2*f + 18. Let u = j - -54. Calculate the remainder when 326 is divided by u.
39
Let g = -55 + 58. Suppose -g*h + 21 = 3*j, 0 = -h - 5*j + 9*j + 2. What is the remainder when 195 is divided by h?
3
Let a(p) = p**2 - 23*p - 504. Calculate the remainder when 1468 is divided by a(37).
12
Let w(a) = a**2 + 13*a - 417. Calculate the remainder when 2432 is divided by w(15).
2
Let t be 4/(-32)*0 + -1 + -4. Let a(p) = 4*p**2 + 3*p - 5. What is the remainder when 312 is divided by a(t)?
72
Let l(h) = 4*h + 10. Let w be l(-2). Suppose -y = -w, 2*b + 0*y + 4*y = 2. Calculate the remainder when 31 is divided by (6 + b + -2)*4*2.
7
Let r be ((-12)/18)/((-4)/6). What is the remainder when r/3 + (-116)/(-12) is divided by -1*((-102)/15 - 8/(-10))?
4
Let r(x) = -57*x**3 - 3*x**2 + 45*x + 89. What is the remainder when r(-2) is divided by 404?
39
Suppose 2*c - 28 = -5*c. Suppose -4*o = c*o + 160. Calculate the remainder when 61 is divided by (-4)/2 - (-3 + o).
19
Let q(i) = 26*i**2 - 10*i - 483. What is the remainder when q(-15) is divided by 60?
57
Let r = 1648 - 1530. Calculate the remainder when r is divided by 27.
10
Let r(o) = -o**2 + 91 + 138*o + 153*o - 270*o. Calculate the remainder when 50 is divided by r(24).
12
Suppose -5*a - 908 = -83. Let z = 193 + a. What is the remainder when z is divided by 6?
4
Let d(m) = -m**3 + 8*m**2 + 5*m - 12. Let t be d(7). Suppose 80 = -t*n + 77*n. What is the remainder when 174 is divided by n?
14
Calculate the remainder when 1*754 + 31 + -43 is divided by 50.
42
Let z(r) be the second derivative of 2*r**3 + 43*r**2 + 2*r + 2. What is the remainder when 237 is divided by z(-6)?
13
Suppose -2*d + 128323 - 9461 = 2*a, 2*d + 3*a - 118866 = 0. What is the remainder when d is divided by 15?
12
Suppose -116*c + 63673 = -76919. Calculate the remainder when c is divided by 21.
15
Let a = -6180 - -6192. Let w(o) = 46*o**2. What is the remainder when w(1) is divided by a?
10
Let g(n) = -52*n + 452. Calculate the remainder when 73 is divided by g(8).
1
Suppose -5*p = -3*p - 110. Suppose j - 6*j + p = 0. Let y = 14 + 16. Calculate the remainder when y is divided by j.
8
Suppose -h + 5 + 0 = 0. Calculate the remainder when 3/15 - (59/(-5) - 2) is divided by h.
4
Suppose -2*b + 6*b = 0. Suppose b = 6*t - 4*t - 30. Let c(z) = -z**2 - 18*z - 68. What is the remainder when t is divided by c(-12)?
3
Suppose 2*p + 22*p - 12325 = 7*p. What is the remainder when p is divided by 200?
125
Let o = 10747 + -10299. What is the remainder when o is divided by 218?
12
Let p be 0/(-2) - 286/(-13). Suppose -18 = b - p. Suppose 13 + 13 = 2*a. Calculate the remainder when a is divided by b.
1
Let x = -7571 + 9278. Calculate the remainder when x is divided by 18.
15
Suppose 0 = 6*b - 13*b + 682 + 1411. What is the remainder when b is divided by 124?
51
Suppose -5405*g - 54 = -5414*g. Let r = -11 + 15. Calculate the remainder when 19 is divided by (-2)/r*-2 + g + 0.
5
What is the remainder when (0 + -15 + 18)*205 is divided by 615?
0
Let u = -10498 + 10862. What is the remainder when u is divided by 96?
76
Suppose -88 = -11*i + 33. Suppose -6184 = i*q + 944. Let v = -447 - q. What is the remainder when v is divided by 29?
27
Let o = 1 - -211. Let z = o + -197. What is the remainder when ((-6)/4)/(3/(-80)) is divided by z?
10
Suppose -7*r = -147*r + 21*r + 17136. What is the remainder when 1269 is divided by r?
117
Let y = -3391 + 3391. Let f be 2/(-2)*-1 + 231. Suppose y = -4*i - 4*i + f. Calculate the remainder when i is divided by 10.
9
Let p be 26*69*(3 - 25/10). Let k = -744 + p. What is the remainder when k is divided by 7?
6
Suppose -8*c + 5*c - 5*i = 48, 4*c + 5*i + 69 = 0. Let m(f) = -21*f + 77. What is the remainder when m(c) is divided by 40?
38
Let l = -104 - -218. Let k be l - -6 - (1 - 0). Suppose -4*m = 7 - k. Calculate the remainder when 111 is divided by m.
27
Let o(i) = -224*i - 9168. Suppose -912 = -4*j - 164. What is the remainder when j is divided by o(-41)?
11
Let i = 159 + -154. Suppose 0*q + 2*q - 370 = i*c, 756 = 4*q - 2*c. Calculate the remainder when q is divided by 48.
46
Let d(a) = 21 + a**2 - 15 + 3*a - 15. What is the remainder when 86 is divided by d(-9)?
41
Let x(f) = f**2 + 4*f - 7. Let w be x(10). Let s = w + -93. What is the remainder when s is divided by 6*3*2/3?
4
Let g(u) = -3*u - 40. Calculate the remainder when 4 + 161/(-42) + 5300/24 is divided by g(-18).
11
Suppose 0 = -k - 5*m + 17, -4*m = -2*k - 6*m - 6. Calculate the remainder when 86 is divided by 3 + (-4)/k*44.
11
Let f = -179 - -255. Suppose -273*h - f = -277*h. What is the remainder when 2 - 1 - 201/(-3) is divided by h?
11
Let w = -10 + 24. What is the remainder when 1*-2*(-5626)/116 is divided by w?
13
Let o = -743 + 1045. Calculate the remainder when o is divided by 81.
59
Let b = 599 - 557. Calculate the remainder when 766 is divided by b.
10
Suppose -2*g = 170 + 292. Let k = 297 + g. What is the remainder when k is divided by 23?
20
Let q(t) = 744*t - 730. What is the remainder when (-2 - 0) + 169/1 is divided by q(1)?
13
Let a be 802/14 + 2/7*-1. Let v = a - 54. Suppose -25 = -5*n - 0*p + p, -n = -v*p - 5. What is the remainder when n is divided by 4?
1
Let p = -148 - -154. What is the remainder when 58 is divided by p + (-1939)/(-77) + 2/(-11)?
27
Suppose -3*k - 3*p + 1068 = 0, -1448 = 457*k - 461*k - p. Calculate the remainder when 1308 is divided by k.
216
Suppose 471 = 5*v + 116. Let l = v - 31. Calculate the remainder when 4 is divided by ((-16)/l)/((-2)/5).
0
Suppose -64 = 5*m - 2*z - 260, -2*m = -2*z - 76. What is the remainder when 165 is divided by m?
5
Let t = -4264 - -4292. Calculate the remainder when 379 is divided by t.
15
Let l(i) be the first derivative of -i*